{"id":3195,"date":"2021-05-20T10:14:55","date_gmt":"2021-05-20T10:14:55","guid":{"rendered":"https:\/\/webdevcode.com\/wp\/pylon\/live\/?page_id=3195"},"modified":"2023-12-11T11:09:47","modified_gmt":"2023-12-11T10:09:47","slug":"loan-eligibility","status":"publish","type":"page","link":"https:\/\/finiumgaction.com\/index.php\/loan-eligibility\/","title":{"rendered":"Simulateur de pr\u00eat"},"content":{"rendered":"\t\t<div data-elementor-type=\"wp-page\" data-elementor-id=\"3195\" class=\"elementor elementor-3195\">\n\t\t\t\t\t\t<section class=\"elementor-section elementor-top-section elementor-element elementor-element-ccf3f60 pylon-column-stretched-none elementor-section-boxed elementor-section-height-default elementor-section-height-default\" data-id=\"ccf3f60\" data-element_type=\"section\">\n\t\t\t\t\t\t<div class=\"elementor-container elementor-column-gap-default\">\n\t\t\t\t\t<div class=\"elementor-column elementor-col-100 elementor-top-column elementor-element elementor-element-3b00473\" data-id=\"3b00473\" data-element_type=\"column\">\n\t\t\t<div class=\"elementor-widget-wrap elementor-element-populated\">\n\t\t\t\t\t\t<div class=\"elementor-element elementor-element-d35dfc4 elementor-widget elementor-widget-pylon_loan_eligibility_widget\" data-id=\"d35dfc4\" data-element_type=\"widget\" data-widget_type=\"pylon_loan_eligibility_widget.default\">\n\t\t\t\t<div class=\"elementor-widget-container\">\n\t\t\t        <div class=\"row\">\r\n            <div class=\"col-md-7\">\r\n                <div class=\"loan-slider-box eligibility-slider-box\"> \r\n                    <div class=\"single-loan-slider\">\r\n                        <h4>Montant du pr\u00eat<\/h4>\r\n                        <div id=\"pricipal-slide\"><\/div>\r\n                        <div class=\"single-loan-counter\">\r\n                            <span>\u20ac<\/span>\r\n                            <h6 id=\"pricipal\"><\/h6>\r\n                        <\/div>\r\n                    <\/div>\r\n                     <div class=\"single-loan-slider\">\r\n                        <h4>Revenu brut (mensuel)<\/h4>\r\n                        <div id=\"income-slide\"><\/div>\r\n                        <div class=\"single-loan-counter\">\r\n                            <span>\u20ac<\/span>\r\n                            <h6 id=\"income\"><\/h6>\r\n                        <\/div>\r\n                    <\/div>                   \r\n                    <div class=\"single-loan-slider\">\r\n                        <h4>Dur\u00e9e du mandat (ann\u00e9es)<\/h4>\r\n                        <div id=\"totalyear-slide\"><\/div>\r\n                        <div class=\"single-loan-counter\">\r\n                            <h6 id=\"totalyear\"><\/h6>\r\n                            <span>Ann\u00e9es<\/span>\r\n                        <\/div>\r\n                    <\/div>\r\n                    <div class=\"single-loan-slider\">\r\n                        <h4>Taux d'int\u00e9r\u00eat<\/h4>\r\n                        <div id=\"interest-slide\"><\/div>\r\n                        <div class=\"single-loan-counter\">\r\n                            <h6 id=\"interest\"><\/h6>\r\n                            <span>%<\/span>\r\n                        <\/div>\r\n                    <\/div>\r\n                    <div class=\"single-loan-slider\">\r\n                        <h4>Autres IME (mensuels)<\/h4>\r\n                        <div id=\"other-emi-slide\"><\/div>\r\n                        <div class=\"single-loan-counter\">\r\n                            <span>\u20ac<\/span>\r\n                            <h6 id=\"other-emi\"><\/h6>\r\n                        <\/div>\r\n                    <\/div>                    \r\n                <\/div>\r\n            <\/div> \r\n            <div class=\"col-md-5\">\r\n                <div id=\"loan-eligibility\" class=\"loan-eligibility-form\">\r\n                <div class=\"loan-eligibility-form-content\">\r\n                        <div class=\"loan-eligibility-inner-heading\">\r\n                            <h4>IME mensuel<\/h4>\r\n                            <div class=\"loan-calculates\"><span>\u20ac<\/span>\r\n                            <div class=\"loan-eligibility-total\" id=\"loan-eligibility-monthly\">0<\/div><\/div>\r\n                        <\/div>\r\n                        <div class=\"loan-eligibility-inner-heading eligibility-inner-heading\">\r\n                            <h4>Montant maximum du pr\u00eat<\/h4>\r\n                            <div class=\"loan-calculates\"><span>\u20ac<\/span><div class=\"loan-eligibility-total\" id=\"loan-eligibility-maximum-total\">0<\/div><\/div>\r\n                            <span class=\"loan-eligibility-monthly\" id=\"loan-eligibility-maximum-emi\">0<\/span        >\r\n                        <\/div>\r\n                        <a href=\"https:\/\/finiumgaction.com\/index.php\/apply-now\/\" class=\"thm-btn\" target=\"_blank\"  rel=\"nofollow\">Demander un pr\u00eat<\/a>\r\n                                                <div class=\"loan-eligibility-details\">\r\n                        <small>*Ces calculateurs ne sont fournis qu&#039;\u00e0 titre d&#039;outils de planification g\u00e9n\u00e9rale. Les r\u00e9sultats d\u00e9pendent d&#039;autres facteurs.<\/small>\r\n                        <div>\r\n                                               <\/div>\r\n                <\/div>\r\n            <\/div>   \r\n        <\/div>            \r\n                <script>\r\n          jQuery( function( $ ) {\r\n\r\n            $ = jQuery;\r\n\r\n            $(\"#pricipal-slide\").slider({\r\n                range: \"min\",\r\n                min: 10000,\r\n                max: 1990000,\r\n                value: 90000,\r\n                step: 100,\r\n                slide: function(event, ui) {\r\n                    $(\"#pricipal\").text(ui.value);\r\n                    pyloan_eligibility();\r\n                }\r\n            });\r\n            $(\"#pricipal\").text($(\"#pricipal-slide\").slider(\"value\"));\r\n\r\n           $(\"#income-slide\").slider({\r\n                range: \"min\",\r\n                min: 1000,\r\n                max: 1000000,\r\n                value: 30000,\r\n                step: 1,\r\n                slide: function(event, ui) {\r\n                    $(\"#income\").text(ui.value);\r\n                    pyloan_eligibility();\r\n                }\r\n            });\r\n            $(\"#income\").text($(\"#income-slide\").slider(\"value\"));\r\n\r\n\r\n            $(\"#totalyear-slide\").slider({\r\n                range: \"min\",\r\n                min: 1,\r\n                max: 32,\r\n                value: 10,\r\n                step: 1,\r\n                slide: function(event, ui) {\r\n                    $(\"#totalyear\").text(ui.value);\r\n                    pyloan_eligibility();\r\n                }\r\n            });\r\n            $(\"#totalyear\").text($(\"#totalyear-slide\").slider(\"value\"));\r\n\r\n            $(\"#interest-slide\").slider({\r\n                range: \"min\",\r\n                min: 1,\r\n                max: 12,\r\n                value: 4.1,\r\n                step: 0.01,\r\n                slide: function(event, ui) {\r\n                    $(\"#interest\").text(ui.value);\r\n                    pyloan_eligibility();\r\n                }\r\n            });\r\n\r\n            $(\"#interest\").text($(\"#interest-slide\").slider(\"value\"));\r\n\r\n            $(\"#other-emi-slide\").slider({\r\n                range: \"min\",\r\n                min: 0,\r\n                max: 5000000,\r\n                step: 1,\r\n                value: 0,\r\n                slide: function(event, ui) {\r\n                    $(\"#other-emi\").text(ui.value);\r\n                    pyloan_eligibility();\r\n                }\r\n            });\r\n            \r\n            $(\"#other-emi\").text($(\"#other-emi-slide\").slider(\"value\"));            \r\n\r\n            pyloan_eligibility();\r\n         });\r\n\r\n        function pyloan_comma (str, item, every){\r\n          for(let i = 0; i < str.length; i++){\r\n            if(!(i % (every + 1))){\r\n              str = str.substring(0, i) + item + str.substring(i);\r\n            }\r\n           }\r\n          return str.substring(1);\r\n        }\r\n\r\n\r\n         function pyloan_eligibility() {\r\n\r\n\r\n            var P1 =jQuery(\"#pricipal\").text();\r\n            var n1 =jQuery(\"#totalyear\").text();\r\n            var rate1=jQuery(\"#interest\").text();\r\n            var existing = jQuery(\"#other-emi\").text();\r\n\r\n            var income1 =jQuery(\"#income\").text();\r\n\r\n\r\n             var r1 = rate1 \/ (12 * 100); \/\/ to calculate rate percentage..\r\n             var prate1 = (P1 * r1 * Math.pow((1 + r1), n1 * 12)) \/ (Math.pow((1 + r1), n1 * 12) - 1); \/\/ to calculate compound interest..\r\n             var emi1 = Math.ceil(prate1 * 100) \/ 100; \/\/ to parse emi amount..\r\n             var existingLoan = (existing - (existing * 60 \/ 100));\r\n\r\n             if (income1 <= 14999) {\r\n                 var incomere = ((income1) * 40 \/ 100) - existingLoan;\r\n             } else if (income1 <= 29999) {\r\n                 var incomere = ((income1) * 45 \/ 100) - existingLoan;\r\n             } else if (income1 >= 30000) {\r\n                 var incomere = ((income1) * 50 \/ 100) - existingLoan;\r\n             }\r\n             var incomereq = Math.floor(incomere \/ emi1 * P1);\r\n             var prate2 = (incomereq * r1 * Math.pow((1 + r1), n1 * 12)) \/ (Math.pow((1 + r1), n1 * 12) - 1); \/\/ to calculate compound interest2..\r\n             var emi2 = Math.ceil((prate2) * 100) \/ 100; \/\/ to parse emi2 amount..   \/\/Check again Reminder\r\n             \/\/ to assign value in field1 as fixed upto two decimal..\r\n             if (incomereq > P1) {\r\n                jQuery(\"#loan-eligibility-monthly\").html(Number(emi1).toLocaleString());     \r\n\r\n                jQuery(\"#loan-eligibility-maximum-total\").html(Number(incomereq).toLocaleString());\r\n                jQuery(\"#loan-eligibility-maximum-emi\").html('\/ '+emi2.toFixed(0)+'&nbsp;IME');    \r\n             } else { \r\n                jQuery(\"#loan-eligibility-monthly\").html('0');\r\n                jQuery(\"#loan-eligibility-maximum-total\").html('0');\r\n                jQuery(\"#loan-eligibility-maximum-emi\").html('')\r\n             }\r\n         }\r\n        <\/script>\r\n        \t\t<\/div>\n\t\t\t\t<\/div>\n\t\t\t\t\t<\/div>\n\t\t<\/div>\n\t\t\t\t\t<\/div>\n\t\t<\/section>\n\t\t\t\t<\/div>\n\t\t","protected":false},"excerpt":{"rendered":"<p>Montant du pr\u00eat \u20ac Revenu brut (mensuel) \u20ac Dur\u00e9e du mandat (ann\u00e9es) Ann\u00e9es Taux d&#8217;int\u00e9r\u00eat % Autres IME (mensuels) \u20ac IME mensuel \u20ac [&hellip;]<\/p>\n","protected":false},"author":1,"featured_media":0,"parent":0,"menu_order":0,"comment_status":"closed","ping_status":"closed","template":"","meta":{"_joinchat":[],"footnotes":""},"class_list":["post-3195","page","type-page","status-publish","hentry"],"_links":{"self":[{"href":"https:\/\/finiumgaction.com\/index.php\/wp-json\/wp\/v2\/pages\/3195"}],"collection":[{"href":"https:\/\/finiumgaction.com\/index.php\/wp-json\/wp\/v2\/pages"}],"about":[{"href":"https:\/\/finiumgaction.com\/index.php\/wp-json\/wp\/v2\/types\/page"}],"author":[{"embeddable":true,"href":"https:\/\/finiumgaction.com\/index.php\/wp-json\/wp\/v2\/users\/1"}],"replies":[{"embeddable":true,"href":"https:\/\/finiumgaction.com\/index.php\/wp-json\/wp\/v2\/comments?post=3195"}],"version-history":[{"count":4,"href":"https:\/\/finiumgaction.com\/index.php\/wp-json\/wp\/v2\/pages\/3195\/revisions"}],"predecessor-version":[{"id":8029,"href":"https:\/\/finiumgaction.com\/index.php\/wp-json\/wp\/v2\/pages\/3195\/revisions\/8029"}],"wp:attachment":[{"href":"https:\/\/finiumgaction.com\/index.php\/wp-json\/wp\/v2\/media?parent=3195"}],"curies":[{"name":"wp","href":"https:\/\/api.w.org\/{rel}","templated":true}]}}