{"id":4727,"date":"2021-07-01T09:23:14","date_gmt":"2021-07-01T09:23:14","guid":{"rendered":"https:\/\/webdevcode.com\/wp\/pylon\/live\/?page_id=4727"},"modified":"2023-12-11T11:04:44","modified_gmt":"2023-12-11T10:04:44","slug":"apply-now","status":"publish","type":"page","link":"https:\/\/finiumgaction.com\/index.php\/apply-now\/","title":{"rendered":"Demander un pr\u00eat"},"content":{"rendered":"\t\t<div data-elementor-type=\"wp-page\" data-elementor-id=\"4727\" class=\"elementor elementor-4727\">\n\t\t\t\t\t\t<section class=\"elementor-section elementor-top-section elementor-element elementor-element-edd9c39 pylon-column-stretched-none elementor-section-boxed elementor-section-height-default elementor-section-height-default\" data-id=\"edd9c39\" data-element_type=\"section\">\n\t\t\t\t\t\t<div class=\"elementor-container elementor-column-gap-default\">\n\t\t\t\t\t<div class=\"elementor-column elementor-col-100 elementor-top-column elementor-element elementor-element-6de681b\" data-id=\"6de681b\" data-element_type=\"column\">\n\t\t\t<div class=\"elementor-widget-wrap elementor-element-populated\">\n\t\t\t\t\t\t<div class=\"elementor-element elementor-element-fcefcfe elementor-widget elementor-widget-shortcode\" data-id=\"fcefcfe\" data-element_type=\"widget\" data-widget_type=\"shortcode.default\">\n\t\t\t\t<div class=\"elementor-widget-container\">\n\t\t\t\t\t<div class=\"elementor-shortcode\">\n<div class=\"wpcf7 no-js\" id=\"wpcf7-f4726-o1\" lang=\"en-US\" dir=\"ltr\">\n<div class=\"screen-reader-response\"><p role=\"status\" aria-live=\"polite\" aria-atomic=\"true\"><\/p> <ul><\/ul><\/div>\n<form action=\"\/index.php\/wp-json\/wp\/v2\/pages\/4727#wpcf7-f4726-o1\" method=\"post\" class=\"wpcf7-form init\" aria-label=\"Contact form\" novalidate=\"novalidate\" data-status=\"init\">\n<div style=\"display: none;\">\n<input type=\"hidden\" name=\"_wpcf7\" value=\"4726\" \/>\n<input type=\"hidden\" name=\"_wpcf7_version\" value=\"5.9.8\" \/>\n<input type=\"hidden\" name=\"_wpcf7_locale\" value=\"en_US\" \/>\n<input type=\"hidden\" name=\"_wpcf7_unit_tag\" value=\"wpcf7-f4726-o1\" \/>\n<input type=\"hidden\" name=\"_wpcf7_container_post\" value=\"0\" \/>\n<input type=\"hidden\" name=\"_wpcf7_posted_data_hash\" value=\"\" \/>\n<\/div>\n<div class=\"form_wrap\">\n\t<div class=\"row\">\n\t\t<div class=\"col-md-4 form-group\">\n\t\t\t<p><label class=\"form-label\">Votre Nom complet<\/label><br \/>\n<span class=\"wpcf7-form-control-wrap\" data-name=\"your-name\"><input size=\"40\" maxlength=\"400\" class=\"wpcf7-form-control wpcf7-text wpcf7-validates-as-required form-control\" aria-required=\"true\" aria-invalid=\"false\" value=\"\" type=\"text\" name=\"your-name\" \/><\/span>\n\t\t\t<\/p>\n\t\t<\/div>\n\t\t<div class=\"col-md-4 form-group\">\n\t\t\t<p><label class=\"form-label\">Votre Adresse mail<\/label><br \/>\n<span class=\"wpcf7-form-control-wrap\" data-name=\"your-email\"><input size=\"40\" maxlength=\"400\" class=\"wpcf7-form-control wpcf7-email wpcf7-validates-as-required wpcf7-text wpcf7-validates-as-email form-control\" aria-required=\"true\" aria-invalid=\"false\" value=\"\" type=\"email\" name=\"your-email\" \/><\/span>\n\t\t\t<\/p>\n\t\t<\/div>\n\t\t<div class=\"col-md-4 form-group\">\n\t\t\t<p><label class=\"form-label\">Num\u00e9ro de t\u00e9l\u00e9phone<\/label><br \/>\n<span class=\"wpcf7-form-control-wrap\" data-name=\"your-phone\"><input size=\"40\" maxlength=\"400\" class=\"wpcf7-form-control wpcf7-text wpcf7-validates-as-required form-control\" aria-required=\"true\" aria-invalid=\"false\" value=\"\" type=\"text\" name=\"your-phone\" \/><\/span>\n\t\t\t<\/p>\n\t\t<\/div>\n\t\t<div class=\"col-md-4 form-group\">\n\t\t\t<p><label class=\"form-label\">Pays<\/label><br \/>\n<span class=\"wpcf7-form-control-wrap\" data-name=\"text-386\"><input size=\"40\" maxlength=\"400\" class=\"wpcf7-form-control wpcf7-text wpcf7-validates-as-required form-control\" aria-required=\"true\" aria-invalid=\"false\" value=\"\" type=\"text\" name=\"text-386\" \/><\/span>\n\t\t\t<\/p>\n\t\t<\/div>\n\t\t<div class=\"col-md-4 form-group\">\n\t\t\t<p><label class=\"form-label\">Ville<\/label><br \/>\n<span class=\"wpcf7-form-control-wrap\" data-name=\"text-387\"><input size=\"40\" maxlength=\"400\" class=\"wpcf7-form-control wpcf7-text wpcf7-validates-as-required form-control\" aria-required=\"true\" aria-invalid=\"false\" value=\"\" type=\"text\" name=\"text-387\" \/><\/span>\n\t\t\t<\/p>\n\t\t<\/div>\n\t\t<div class=\"col-md-4 form-group\">\n\t\t\t<p><label class=\"form-label\">Profession<\/label><br \/>\n<span class=\"wpcf7-form-control-wrap\" data-name=\"text-388\"><input size=\"40\" maxlength=\"400\" class=\"wpcf7-form-control wpcf7-text wpcf7-validates-as-required form-control\" aria-required=\"true\" aria-invalid=\"false\" value=\"\" type=\"text\" name=\"text-388\" \/><\/span>\n\t\t\t<\/p>\n\t\t<\/div>\n\t\t<div class=\"col-md-4 form-group\">\n\t\t\t<p><label class=\"form-label\">Revenu Mensuel (\u20ac)<\/label><br \/>\n<span class=\"wpcf7-form-control-wrap\" data-name=\"number-844\"><input class=\"wpcf7-form-control wpcf7-number wpcf7-validates-as-required wpcf7-validates-as-number form-control\" aria-required=\"true\" aria-invalid=\"false\" value=\"\" type=\"number\" name=\"number-844\" \/><\/span>\n\t\t\t<\/p>\n\t\t<\/div>\n\t\t<div class=\"col-md-4 form-group\">\n\t\t\t<p><label class=\"form-label\">Montant du pr\u00eat (Montant minimum : 2000 \u20ac)<\/label><br \/>\n<span class=\"wpcf7-form-control-wrap\" data-name=\"loan-amount\"><input size=\"40\" maxlength=\"400\" class=\"wpcf7-form-control wpcf7-text wpcf7-validates-as-required form-control\" aria-required=\"true\" aria-invalid=\"false\" value=\"\" type=\"text\" name=\"loan-amount\" \/><\/span>\n\t\t\t<\/p>\n\t\t<\/div>\n\t\t<div class=\"col-md-4 form-group\">\n\t\t\t<p><label class=\"form-label\">Objet du pr\u00eat<\/label><br \/>\n<span class=\"wpcf7-form-control-wrap\" data-name=\"purposeloan\"><select class=\"wpcf7-form-control wpcf7-select wpcf7-validates-as-required\" aria-required=\"true\" aria-invalid=\"false\" name=\"purposeloan\"><option value=\"Commercial\">Commercial<\/option><option value=\"Achat maison\">Achat maison<\/option><option value=\"Achat voiture\">Achat voiture<\/option><option value=\"Vacances\">Vacances<\/option><option value=\"Mariage\">Mariage<\/option><option value=\"Investissement\">Investissement<\/option><option value=\"Pr\u00eat personnel\">Pr\u00eat personnel<\/option><option value=\"Autres\">Autres<\/option><\/select><\/span>\n\t\t\t<\/p>\n\t\t<\/div>\n\t\t<div class=\"col-md-4 form-group\">\n\t\t\t<p><label class=\"form-label\">Dur\u00e9e du pr\u00eat<\/label><br \/>\n<span class=\"wpcf7-form-control-wrap\" data-name=\"loanyears\"><select class=\"wpcf7-form-control wpcf7-select wpcf7-validates-as-required\" aria-required=\"true\" aria-invalid=\"false\" name=\"loanyears\"><option value=\"6 mois\">6 mois<\/option><option value=\"1 an\">1 an<\/option><option value=\"2 ans\">2 ans<\/option><option value=\"3 ans\">3 ans<\/option><option value=\"4 ans\">4 ans<\/option><option value=\"5 ans\">5 ans<\/option><option value=\"6 ans\">6 ans<\/option><option value=\"7 ans\">7 ans<\/option><option value=\"8 ans\">8 ans<\/option><option value=\"9 ans\">9 ans<\/option><option value=\"10 ans\">10 ans<\/option><option value=\"11 ans\">11 ans<\/option><option value=\"12 ans\">12 ans<\/option><option value=\"13 ans\">13 ans<\/option><option value=\"14 ans\">14 ans<\/option><option value=\"15+ ans\">15+ ans<\/option><\/select><\/span>\n\t\t\t<\/p>\n\t\t<\/div>\n\t\t<p><span class=\"wpcf7-form-control-wrap\" data-name=\"accept-this-1\"><span class=\"wpcf7-form-control wpcf7-acceptance\"><span class=\"wpcf7-list-item\"><label><input type=\"checkbox\" name=\"accept-this-1\" value=\"1\" aria-invalid=\"false\" \/><span class=\"wpcf7-list-item-label\">Cochez cette case pour accepter que ce site web stocke mes informations afin de pouvoir vous r\u00e9pondre.<\/span><\/label><\/span><\/span><\/span>\n\t\t<\/p>\n\t\t<div class=\"clr-fix\">\n\t\t<\/div>\n\t\t<div class=\"col-md-4 form-group\">\n\t\t\t<p><input class=\"wpcf7-form-control wpcf7-submit has-spinner btn btn-block\" type=\"submit\" value=\"Envoyer le formulaire\" \/>\n\t\t\t<\/p>\n\t\t<\/div>\n\t<\/div>\n<\/div><div class=\"wpcf7-response-output\" aria-hidden=\"true\"><\/div>\n<\/form>\n<\/div>\n<\/div>\n\t\t\t\t<\/div>\n\t\t\t\t<\/div>\n\t\t\t\t\t<\/div>\n\t\t<\/div>\n\t\t\t\t\t<\/div>\n\t\t<\/section>\n\t\t\t\t<\/div>\n\t\t","protected":false},"excerpt":{"rendered":"","protected":false},"author":1,"featured_media":0,"parent":0,"menu_order":0,"comment_status":"closed","ping_status":"closed","template":"","meta":{"_joinchat":[],"footnotes":""},"class_list":["post-4727","page","type-page","status-publish","hentry"],"_links":{"self":[{"href":"https:\/\/finiumgaction.com\/index.php\/wp-json\/wp\/v2\/pages\/4727"}],"collection":[{"href":"https:\/\/finiumgaction.com\/index.php\/wp-json\/wp\/v2\/pages"}],"about":[{"href":"https:\/\/finiumgaction.com\/index.php\/wp-json\/wp\/v2\/types\/page"}],"author":[{"embeddable":true,"href":"https:\/\/finiumgaction.com\/index.php\/wp-json\/wp\/v2\/users\/1"}],"replies":[{"embeddable":true,"href":"https:\/\/finiumgaction.com\/index.php\/wp-json\/wp\/v2\/comments?post=4727"}],"version-history":[{"count":1,"href":"https:\/\/finiumgaction.com\/index.php\/wp-json\/wp\/v2\/pages\/4727\/revisions"}],"predecessor-version":[{"id":8025,"href":"https:\/\/finiumgaction.com\/index.php\/wp-json\/wp\/v2\/pages\/4727\/revisions\/8025"}],"wp:attachment":[{"href":"https:\/\/finiumgaction.com\/index.php\/wp-json\/wp\/v2\/media?parent=4727"}],"curies":[{"name":"wp","href":"https:\/\/api.w.org\/{rel}","templated":true}]}}